{"id":22537,"date":"2018-12-21T15:08:08","date_gmt":"2018-12-21T15:08:08","guid":{"rendered":"http:\/\/www.herrajesbaldan.com.ar\/?page_id=22537"},"modified":"2023-11-17T23:08:43","modified_gmt":"2023-11-17T23:08:43","slug":"revendedores","status":"publish","type":"page","link":"https:\/\/www.herrajesbaldan.com.ar\/obras_muebles\/revendedores\/","title":{"rendered":"Revendedores"},"content":{"rendered":"<p><div class=\"fusion-fullwidth fullwidth-box fusion-builder-row-1 nonhundred-percent-fullwidth non-hundred-percent-height-scrolling\" style=\"--awb-border-radius-top-left:0px;--awb-border-radius-top-right:0px;--awb-border-radius-bottom-right:0px;--awb-border-radius-bottom-left:0px;--awb-flex-wrap:wrap;\" ><div class=\"fusion-builder-row fusion-row\"><div class=\"fusion-layout-column fusion_builder_column fusion-builder-column-0 fusion_builder_column_1_1 1_1 fusion-one-full fusion-column-first fusion-column-last\" style=\"--awb-bg-size:cover;\"><div class=\"fusion-column-wrapper fusion-column-has-shadow fusion-flex-column-wrapper-legacy\"><script type=\"text\/javascript\">jQuery(function() { _initLayerSlider( '#layerslider_15_1a7xffeoipl0t', {createdWith: '6.7.6', sliderVersion: '6.7.6', type: 'fullwidth', allowFullscreen: true, keybNav: false, touchNav: false, cycles: 1, skin: 'v6', sliderFadeInDuration: 350, globalBGColor: '#5773a1', navPrevNext: false, hoverPrevNext: false, navStartStop: false, navButtons: false, showCircleTimer: false, autoPlayVideos: false, useSrcset: true, skinsPath: 'https:\/\/www.herrajesbaldan.com.ar\/obras_muebles\/wp-content\/plugins\/LayerSlider\/assets\/static\/layerslider\/skins\/', performanceMode: true}); });<\/script><link href=\"https:\/\/fonts.googleapis.com\/css?family=Titillium+Web:100,100i,200,200i,300,300i,400,400i,500,500i,600,600i,700,700i,800,800i,900,900i\" rel=\"stylesheet\"><div id=\"layerslider_15_1a7xffeoipl0t\" class=\"ls-wp-container fitvidsignore\" style=\"width:1100px;height:130px;margin:0 auto;margin-bottom: 0px;\"><div class=\"ls-slide\" data-ls=\"kenburnsscale:1.2;\"><img decoding=\"async\" width=\"750\" height=\"130\" src=\"https:\/\/www.herrajesbaldan.com.ar\/obras_muebles\/wp-content\/uploads\/2018\/09\/insumos.jpg\" class=\"ls-l ls-img-layer\" alt=\"\" srcset=\"https:\/\/www.herrajesbaldan.com.ar\/obras_muebles\/wp-content\/uploads\/2018\/09\/insumos-200x35.jpg 200w, https:\/\/www.herrajesbaldan.com.ar\/obras_muebles\/wp-content\/uploads\/2018\/09\/insumos-300x52.jpg 300w, https:\/\/www.herrajesbaldan.com.ar\/obras_muebles\/wp-content\/uploads\/2018\/09\/insumos-400x69.jpg 400w, https:\/\/www.herrajesbaldan.com.ar\/obras_muebles\/wp-content\/uploads\/2018\/09\/insumos-480x83.jpg 480w, https:\/\/www.herrajesbaldan.com.ar\/obras_muebles\/wp-content\/uploads\/2018\/09\/insumos-600x104.jpg 600w, https:\/\/www.herrajesbaldan.com.ar\/obras_muebles\/wp-content\/uploads\/2018\/09\/insumos.jpg 750w\" sizes=\"(max-width: 750px) 100vw, 750px\" style=\"top:0px;left:0px;text-align:right;font-size:24px;width:750px;height:130px;\" data-ls=\"transitionout:false;loop:true;loopoffsetx:-100lw;loopduration:30000;loopstartat:transitioninend + 0;loopcount:-1;position:relative;\"><img decoding=\"async\" width=\"750\" height=\"130\" src=\"https:\/\/www.herrajesbaldan.com.ar\/obras_muebles\/wp-content\/uploads\/2018\/09\/insumos.jpg\" class=\"ls-l ls-img-layer\" alt=\"\" srcset=\"https:\/\/www.herrajesbaldan.com.ar\/obras_muebles\/wp-content\/uploads\/2018\/09\/insumos-200x35.jpg 200w, https:\/\/www.herrajesbaldan.com.ar\/obras_muebles\/wp-content\/uploads\/2018\/09\/insumos-300x52.jpg 300w, https:\/\/www.herrajesbaldan.com.ar\/obras_muebles\/wp-content\/uploads\/2018\/09\/insumos-400x69.jpg 400w, https:\/\/www.herrajesbaldan.com.ar\/obras_muebles\/wp-content\/uploads\/2018\/09\/insumos-480x83.jpg 480w, https:\/\/www.herrajesbaldan.com.ar\/obras_muebles\/wp-content\/uploads\/2018\/09\/insumos-600x104.jpg 600w, https:\/\/www.herrajesbaldan.com.ar\/obras_muebles\/wp-content\/uploads\/2018\/09\/insumos.jpg 750w\" sizes=\"(max-width: 750px) 100vw, 750px\" style=\"top:0px;left:750px;text-align:right;font-size:24px;width:750px;height:130px;\" data-ls=\"transitionout:false;loop:true;loopoffsetx:-750px;loopduration:30000;loopstartat:transitioninend + 0;loopcount:-1;position:relative;\"><img decoding=\"async\" width=\"750\" height=\"130\" src=\"https:\/\/www.herrajesbaldan.com.ar\/obras_muebles\/wp-content\/uploads\/2018\/09\/insumos.jpg\" class=\"ls-l ls-img-layer\" alt=\"\" srcset=\"https:\/\/www.herrajesbaldan.com.ar\/obras_muebles\/wp-content\/uploads\/2018\/09\/insumos-200x35.jpg 200w, https:\/\/www.herrajesbaldan.com.ar\/obras_muebles\/wp-content\/uploads\/2018\/09\/insumos-300x52.jpg 300w, https:\/\/www.herrajesbaldan.com.ar\/obras_muebles\/wp-content\/uploads\/2018\/09\/insumos-400x69.jpg 400w, https:\/\/www.herrajesbaldan.com.ar\/obras_muebles\/wp-content\/uploads\/2018\/09\/insumos-480x83.jpg 480w, https:\/\/www.herrajesbaldan.com.ar\/obras_muebles\/wp-content\/uploads\/2018\/09\/insumos-600x104.jpg 600w, https:\/\/www.herrajesbaldan.com.ar\/obras_muebles\/wp-content\/uploads\/2018\/09\/insumos.jpg 750w\" sizes=\"(max-width: 750px) 100vw, 750px\" style=\"top:0px;left:1500px;text-align:right;font-size:24px;width:750px;height:130px;\" data-ls=\"transitionout:false;loop:true;loopoffsetx:-750px;loopduration:30000;loopstartat:transitioninend + 0;loopcount:-1;position:relative;\"><div style=\"background: -webkit-linear-gradient(left, rgba(0,0,0,0.6), rgba(0,0,0,0)); \/* For Safari 5.1 to 6.0 *\/\nbackground: -o-linear-gradient(right, rgba(0,0,0,0.6), rgba(0,0,0,0)); \/* For Opera 11.1 to 12.0 *\/\nbackground: -moz-linear-gradient(right, rgba(0,0,0,0.6), rgba(0,0,0,0)); \/* For Firefox 3.6 to 15 *\/ background: linear-gradient(to right, rgba(0,0,0,0.6), rgba(0,0,0,0)); \/* Standard syntax (must be last) *\/;top:0px;left:365px;font-size:3px;width:12px;height:130px;\" class=\"ls-l ls-html-layer\" data-ls=\"durationin:0;fadein:false;transitionout:false;position:relative;\"><\/div><div style=\"background: -webkit-linear-gradient(left, rgba(87, 114, 161,1), rgba(87, 114, 161,0.9)); \/* For Safari 5.1 to 6.0 *\/\nbackground: -o-linear-gradient(right, rgba(87, 114, 161,1), rgba(87, 114, 161,0.9)); \/* For Opera 11.1 to 12.0 *\/\nbackground: -moz-linear-gradient(right, rgba(87, 114, 161,1), rgba(87, 114, 161,0.9)); \/* For Firefox 3.6 to 15 *\/ background: linear-gradient(to right, rgba(87, 114, 161,1), rgba(87, 114, 161,0.9)); \/* Standard syntax (must be last) *\/;top:0px;left:-5px;font-size:69px;width:370px;height:130px;\" class=\"ls-l ls-html-layer\" data-ls=\"durationin:0;fadein:false;transitionout:false;position:relative;\"><\/div><div style=\"top:0px;left:1100px;font-size:166px;width:888px;height:130px;background:#5773a1;\" class=\"ls-l ls-html-layer\" data-ls=\"durationin:0;fadein:false;transitionout:false;position:relative;\"><\/div><div style=\"top:0px;left:-888px;font-size:166px;width:888px;height:130px;background:#5773a1;\" class=\"ls-l ls-html-layer\" data-ls=\"durationin:0;fadein:false;transitionout:false;position:relative;\"><\/div><h2 style=\"top:56px;left:10px;text-align:right;font-weight:400;font-size:32px;color:#ffffff;font-family:'Titillium Web';width:330px;\" class=\"ls-l ls-text-layer\" data-ls=\"transitionout:false;position:relative;\"><\/h2><h2 style=\"top:23px;left:10px;text-align:right;font-weight:900;font-size:32px;color:#ffffff;font-family:'Titillium Web';line-height:falsepx;width:330px;\" class=\"ls-l ls-text-layer\" data-ls=\"transitionout:false;position:relative;\"><span style=\"font-weight: 800;\">SERVICIOS<\/span><br><\/h2><div style=\"background: -webkit-linear-gradient(left, rgba(87, 114, 161,0), rgba(87, 114, 161,1)); \/* For Safari 5.1 to 6.0 *\/\nbackground: -o-linear-gradient(right, rgba(87, 114, 161,0), rgba(87, 114, 161,1)); \/* For Opera 11.1 to 12.0 *\/\nbackground: -moz-linear-gradient(right, rgba(87, 114, 161,0), rgba(87, 114, 161,1)); \/* For Firefox 3.6 to 15 *\/ background: linear-gradient(to right, rgba(87, 114, 161,0), rgba(87, 114, 161,1)); \/* Standard syntax (must be last) *\/;top:0px;left:701px;font-size:103px;width:399px;height:130px;\" class=\"ls-l ls-html-layer\" data-ls=\"durationin:0;fadein:false;transitionout:false;position:relative;\"><\/div><\/div><\/div><div class=\"fusion-clearfix\"><\/div><\/div><\/div><\/div><\/div><div class=\"fusion-fullwidth fullwidth-box fusion-builder-row-2 nonhundred-percent-fullwidth non-hundred-percent-height-scrolling\" style=\"--awb-border-radius-top-left:0px;--awb-border-radius-top-right:0px;--awb-border-radius-bottom-right:0px;--awb-border-radius-bottom-left:0px;--awb-flex-wrap:wrap;\" ><div class=\"fusion-builder-row fusion-row\"><div class=\"fusion-layout-column fusion_builder_column fusion-builder-column-1 fusion_builder_column_1_1 1_1 fusion-one-full fusion-column-first fusion-column-last\" style=\"--awb-bg-size:cover;\"><div class=\"fusion-column-wrapper fusion-column-has-shadow fusion-flex-column-wrapper-legacy\"><div class=\"fusion-text fusion-text-1\"><div class=\"fusion-title title fusion-title-1 fusion-sep-none fusion-title-text fusion-title-size-one fusion-border-below-title\">\n<h1 class=\"title-heading-left\">Revendedores<\/h1>\n<\/div>\n<div class=\"fusion-text\"><\/div>\n<\/div><div class=\"fusion-clearfix\"><\/div><\/div><\/div><div class=\"fusion-layout-column fusion_builder_column fusion-builder-column-2 fusion_builder_column_1_2 1_2 fusion-one-half fusion-column-first\" style=\"--awb-bg-size:cover;width:50%;width:calc(50% - ( ( 4% ) * 0.5 ) );margin-right: 4%;\"><div class=\"fusion-column-wrapper fusion-flex-column-wrapper-legacy\"><div class=\"fusion-text fusion-text-2\"><h3>Contamos con un departamento exclusivo para ventas mayoristas con importantes descuentos. Somos importadores, y distribuimos las marcas m\u00e1s reconocidas del mercado.<\/h3>\n<h2 class=\"title-component text-uppercase text-left\">VENTAJAS DE LA COMPRA MAYORISTA<\/h2>\n<p>&#8211; Importantes descuentos por cantidad.<\/p>\n<p>&#8211; Atenci\u00f3n exclusiva y prioritaria.<\/p>\n<p>&#8211; Todos nuestros productos cuentan con garant\u00eda.<\/p>\n<p>&#8211; Programamos entregas.<\/p>\n<p>&#8211; Hacemos env\u00edos a todo el pa\u00eds.<\/p>\n<\/div><div class=\"fusion-clearfix\"><\/div><\/div><\/div><div class=\"fusion-layout-column fusion_builder_column fusion-builder-column-3 fusion_builder_column_1_2 1_2 fusion-one-half fusion-column-last\" style=\"--awb-bg-size:cover;width:50%;width:calc(50% - ( ( 4% ) * 0.5 ) );\"><div class=\"fusion-column-wrapper fusion-flex-column-wrapper-legacy\"><div class=\"fusion-text fusion-text-3\"><p><strong>CONT\u00c1CTANOS A NUESTRAS L\u00cdNEAS DE ATENCI\u00d3N<\/strong><\/p>\n<p><strong>MAYORISTA DE LUNES A VIERNES DE 8 A 12:30HS Y DE 14 A 18HS<\/strong><\/p>\n<p><strong>Tel\u00e9fono: 0810-2200043<\/strong><\/p>\n<p class=\"hidden-xs hidden-sm\"><strong>WHATSAPP &#8211; MOVILES: <\/strong><a href=\"https:\/\/api.whatsapp.com\/send?phone=5491161730004\">+54 911 6173 0004<\/a><\/p>\n<p><strong>EMAIL:\u00a0<\/strong><a href=\"mailto:online@hbaldan.com.ar\" target=\"_blank\" rel=\"noopener noreferrer\">ventas@hbaldan.com.ar<\/a><\/p>\n<p><strong>DIRECCI\u00d3N:\u00a0<\/strong>Av. Gaona 2124 . Paso del Rey . (ADZ1742)<\/p>\n<\/div><div class=\"fusion-clearfix\"><\/div><\/div><\/div><div class=\"fusion-layout-column fusion_builder_column fusion-builder-column-4 fusion_builder_column_1_1 1_1 fusion-one-full fusion-column-first fusion-column-last\" style=\"--awb-bg-size:cover;\"><div class=\"fusion-column-wrapper fusion-flex-column-wrapper-legacy\"><div class=\"fusion-aligncenter\"><a class=\"fusion-button button-flat fusion-button-default-size button-default fusion-button-default button-1 fusion-button-default-span fusion-button-default-type\" target=\"_self\" href=\"https:\/\/herrajesbaldan.com.ar\/obras_muebles\/contacto\/\"><span class=\"fusion-button-text\">QUIERO SER REVENDEDOR<\/span><\/a><\/div><div class=\"fusion-clearfix\"><\/div><\/div><\/div><\/div><\/div><\/p>\n","protected":false},"excerpt":{"rendered":"","protected":false},"author":1,"featured_media":0,"parent":0,"menu_order":0,"comment_status":"closed","ping_status":"closed","template":"","meta":{"_acf_changed":false,"_joinchat":[],"footnotes":""},"class_list":["post-22537","page","type-page","status-publish","hentry"],"acf":[],"_links":{"self":[{"href":"https:\/\/www.herrajesbaldan.com.ar\/obras_muebles\/wp-json\/wp\/v2\/pages\/22537","targetHints":{"allow":["GET"]}}],"collection":[{"href":"https:\/\/www.herrajesbaldan.com.ar\/obras_muebles\/wp-json\/wp\/v2\/pages"}],"about":[{"href":"https:\/\/www.herrajesbaldan.com.ar\/obras_muebles\/wp-json\/wp\/v2\/types\/page"}],"author":[{"embeddable":true,"href":"https:\/\/www.herrajesbaldan.com.ar\/obras_muebles\/wp-json\/wp\/v2\/users\/1"}],"replies":[{"embeddable":true,"href":"https:\/\/www.herrajesbaldan.com.ar\/obras_muebles\/wp-json\/wp\/v2\/comments?post=22537"}],"version-history":[{"count":14,"href":"https:\/\/www.herrajesbaldan.com.ar\/obras_muebles\/wp-json\/wp\/v2\/pages\/22537\/revisions"}],"predecessor-version":[{"id":39546,"href":"https:\/\/www.herrajesbaldan.com.ar\/obras_muebles\/wp-json\/wp\/v2\/pages\/22537\/revisions\/39546"}],"wp:attachment":[{"href":"https:\/\/www.herrajesbaldan.com.ar\/obras_muebles\/wp-json\/wp\/v2\/media?parent=22537"}],"curies":[{"name":"wp","href":"https:\/\/api.w.org\/{rel}","templated":true}]}}