{"id":59,"date":"2018-09-03T16:59:08","date_gmt":"2018-09-03T16:59:08","guid":{"rendered":"http:\/\/www.herrajesbaldan.com.ar\/?page_id=59"},"modified":"2020-04-28T18:57:47","modified_gmt":"2020-04-28T18:57:47","slug":"asesoramiento-a-profesionales","status":"publish","type":"page","link":"https:\/\/www.herrajesbaldan.com.ar\/obras_muebles\/asesoramiento-a-profesionales\/","title":{"rendered":"Asesoramiento a profesionales"},"content":{"rendered":"<p><div class=\"fusion-fullwidth fullwidth-box fusion-builder-row-1 hundred-percent-fullwidth non-hundred-percent-height-scrolling\" style=\"--awb-border-radius-top-left:0px;--awb-border-radius-top-right:0px;--awb-border-radius-bottom-right:0px;--awb-border-radius-bottom-left:0px;--awb-padding-top:0px;--awb-padding-right:0px;--awb-padding-bottom:0px;--awb-padding-left:0px;--awb-flex-wrap:wrap;\" ><div class=\"fusion-builder-row fusion-row\"><div class=\"fusion-layout-column fusion_builder_column fusion-builder-column-0 fusion_builder_column_1_1 1_1 fusion-one-full fusion-column-first fusion-column-last\" style=\"--awb-bg-size:cover;\"><div class=\"fusion-column-wrapper fusion-flex-column-wrapper-legacy\"><script type=\"text\/javascript\">jQuery(function() { _initLayerSlider( '#layerslider_15_jxvtnozzq68d', {createdWith: '6.7.6', sliderVersion: '6.7.6', type: 'fullwidth', allowFullscreen: true, keybNav: false, touchNav: false, cycles: 1, skin: 'v6', sliderFadeInDuration: 350, globalBGColor: '#5773a1', navPrevNext: false, hoverPrevNext: false, navStartStop: false, navButtons: false, showCircleTimer: false, autoPlayVideos: false, useSrcset: true, skinsPath: 'https:\/\/www.herrajesbaldan.com.ar\/obras_muebles\/wp-content\/plugins\/LayerSlider\/assets\/static\/layerslider\/skins\/', performanceMode: true}); });<\/script><link href=\"https:\/\/fonts.googleapis.com\/css?family=Titillium+Web:100,100i,200,200i,300,300i,400,400i,500,500i,600,600i,700,700i,800,800i,900,900i\" rel=\"stylesheet\"><div id=\"layerslider_15_jxvtnozzq68d\" class=\"ls-wp-container fitvidsignore\" style=\"width:1100px;height:130px;margin:0 auto;margin-bottom: 0px;\"><div class=\"ls-slide\" data-ls=\"kenburnsscale:1.2;\"><img decoding=\"async\" width=\"750\" height=\"130\" src=\"https:\/\/www.herrajesbaldan.com.ar\/obras_muebles\/wp-content\/uploads\/2018\/09\/insumos.jpg\" class=\"ls-l ls-img-layer\" alt=\"\" srcset=\"https:\/\/www.herrajesbaldan.com.ar\/obras_muebles\/wp-content\/uploads\/2018\/09\/insumos-200x35.jpg 200w, https:\/\/www.herrajesbaldan.com.ar\/obras_muebles\/wp-content\/uploads\/2018\/09\/insumos-300x52.jpg 300w, https:\/\/www.herrajesbaldan.com.ar\/obras_muebles\/wp-content\/uploads\/2018\/09\/insumos-400x69.jpg 400w, https:\/\/www.herrajesbaldan.com.ar\/obras_muebles\/wp-content\/uploads\/2018\/09\/insumos-480x83.jpg 480w, https:\/\/www.herrajesbaldan.com.ar\/obras_muebles\/wp-content\/uploads\/2018\/09\/insumos-600x104.jpg 600w, https:\/\/www.herrajesbaldan.com.ar\/obras_muebles\/wp-content\/uploads\/2018\/09\/insumos.jpg 750w\" sizes=\"(max-width: 750px) 100vw, 750px\" style=\"top:0px;left:0px;text-align:right;font-size:24px;width:750px;height:130px;\" data-ls=\"transitionout:false;loop:true;loopoffsetx:-100lw;loopduration:30000;loopstartat:transitioninend + 0;loopcount:-1;position:relative;\"><img decoding=\"async\" width=\"750\" height=\"130\" src=\"https:\/\/www.herrajesbaldan.com.ar\/obras_muebles\/wp-content\/uploads\/2018\/09\/insumos.jpg\" class=\"ls-l ls-img-layer\" alt=\"\" srcset=\"https:\/\/www.herrajesbaldan.com.ar\/obras_muebles\/wp-content\/uploads\/2018\/09\/insumos-200x35.jpg 200w, https:\/\/www.herrajesbaldan.com.ar\/obras_muebles\/wp-content\/uploads\/2018\/09\/insumos-300x52.jpg 300w, https:\/\/www.herrajesbaldan.com.ar\/obras_muebles\/wp-content\/uploads\/2018\/09\/insumos-400x69.jpg 400w, https:\/\/www.herrajesbaldan.com.ar\/obras_muebles\/wp-content\/uploads\/2018\/09\/insumos-480x83.jpg 480w, https:\/\/www.herrajesbaldan.com.ar\/obras_muebles\/wp-content\/uploads\/2018\/09\/insumos-600x104.jpg 600w, https:\/\/www.herrajesbaldan.com.ar\/obras_muebles\/wp-content\/uploads\/2018\/09\/insumos.jpg 750w\" sizes=\"(max-width: 750px) 100vw, 750px\" style=\"top:0px;left:750px;text-align:right;font-size:24px;width:750px;height:130px;\" data-ls=\"transitionout:false;loop:true;loopoffsetx:-750px;loopduration:30000;loopstartat:transitioninend + 0;loopcount:-1;position:relative;\"><img decoding=\"async\" width=\"750\" height=\"130\" src=\"https:\/\/www.herrajesbaldan.com.ar\/obras_muebles\/wp-content\/uploads\/2018\/09\/insumos.jpg\" class=\"ls-l ls-img-layer\" alt=\"\" srcset=\"https:\/\/www.herrajesbaldan.com.ar\/obras_muebles\/wp-content\/uploads\/2018\/09\/insumos-200x35.jpg 200w, https:\/\/www.herrajesbaldan.com.ar\/obras_muebles\/wp-content\/uploads\/2018\/09\/insumos-300x52.jpg 300w, https:\/\/www.herrajesbaldan.com.ar\/obras_muebles\/wp-content\/uploads\/2018\/09\/insumos-400x69.jpg 400w, https:\/\/www.herrajesbaldan.com.ar\/obras_muebles\/wp-content\/uploads\/2018\/09\/insumos-480x83.jpg 480w, https:\/\/www.herrajesbaldan.com.ar\/obras_muebles\/wp-content\/uploads\/2018\/09\/insumos-600x104.jpg 600w, https:\/\/www.herrajesbaldan.com.ar\/obras_muebles\/wp-content\/uploads\/2018\/09\/insumos.jpg 750w\" sizes=\"(max-width: 750px) 100vw, 750px\" style=\"top:0px;left:1500px;text-align:right;font-size:24px;width:750px;height:130px;\" data-ls=\"transitionout:false;loop:true;loopoffsetx:-750px;loopduration:30000;loopstartat:transitioninend + 0;loopcount:-1;position:relative;\"><div style=\"background: -webkit-linear-gradient(left, rgba(0,0,0,0.6), rgba(0,0,0,0)); \/* For Safari 5.1 to 6.0 *\/\nbackground: -o-linear-gradient(right, rgba(0,0,0,0.6), rgba(0,0,0,0)); \/* For Opera 11.1 to 12.0 *\/\nbackground: -moz-linear-gradient(right, rgba(0,0,0,0.6), rgba(0,0,0,0)); \/* For Firefox 3.6 to 15 *\/ background: linear-gradient(to right, rgba(0,0,0,0.6), rgba(0,0,0,0)); \/* Standard syntax (must be last) *\/;top:0px;left:365px;font-size:3px;width:12px;height:130px;\" class=\"ls-l ls-html-layer\" data-ls=\"durationin:0;fadein:false;transitionout:false;position:relative;\"><\/div><div style=\"background: -webkit-linear-gradient(left, rgba(87, 114, 161,1), rgba(87, 114, 161,0.9)); \/* For Safari 5.1 to 6.0 *\/\nbackground: -o-linear-gradient(right, rgba(87, 114, 161,1), rgba(87, 114, 161,0.9)); \/* For Opera 11.1 to 12.0 *\/\nbackground: -moz-linear-gradient(right, rgba(87, 114, 161,1), rgba(87, 114, 161,0.9)); \/* For Firefox 3.6 to 15 *\/ background: linear-gradient(to right, rgba(87, 114, 161,1), rgba(87, 114, 161,0.9)); \/* Standard syntax (must be last) *\/;top:0px;left:-5px;font-size:69px;width:370px;height:130px;\" class=\"ls-l ls-html-layer\" data-ls=\"durationin:0;fadein:false;transitionout:false;position:relative;\"><\/div><div style=\"top:0px;left:1100px;font-size:166px;width:888px;height:130px;background:#5773a1;\" class=\"ls-l ls-html-layer\" data-ls=\"durationin:0;fadein:false;transitionout:false;position:relative;\"><\/div><div style=\"top:0px;left:-888px;font-size:166px;width:888px;height:130px;background:#5773a1;\" class=\"ls-l ls-html-layer\" data-ls=\"durationin:0;fadein:false;transitionout:false;position:relative;\"><\/div><h2 style=\"top:56px;left:10px;text-align:right;font-weight:400;font-size:32px;color:#ffffff;font-family:'Titillium Web';width:330px;\" class=\"ls-l ls-text-layer\" data-ls=\"transitionout:false;position:relative;\"><\/h2><h2 style=\"top:23px;left:10px;text-align:right;font-weight:900;font-size:32px;color:#ffffff;font-family:'Titillium Web';line-height:falsepx;width:330px;\" class=\"ls-l ls-text-layer\" data-ls=\"transitionout:false;position:relative;\"><span style=\"font-weight: 800;\">SERVICIOS<\/span><br><\/h2><div style=\"background: -webkit-linear-gradient(left, rgba(87, 114, 161,0), rgba(87, 114, 161,1)); \/* For Safari 5.1 to 6.0 *\/\nbackground: -o-linear-gradient(right, rgba(87, 114, 161,0), rgba(87, 114, 161,1)); \/* For Opera 11.1 to 12.0 *\/\nbackground: -moz-linear-gradient(right, rgba(87, 114, 161,0), rgba(87, 114, 161,1)); \/* For Firefox 3.6 to 15 *\/ background: linear-gradient(to right, rgba(87, 114, 161,0), rgba(87, 114, 161,1)); \/* Standard syntax (must be last) *\/;top:0px;left:701px;font-size:103px;width:399px;height:130px;\" class=\"ls-l ls-html-layer\" data-ls=\"durationin:0;fadein:false;transitionout:false;position:relative;\"><\/div><\/div><\/div><div class=\"fusion-sep-clear\"><\/div><div class=\"fusion-separator fusion-full-width-sep\" style=\"margin-left: auto;margin-right: auto;margin-top:-1px;width:100%;\"><div class=\"fusion-separator-border sep-single sep-solid\" style=\"--awb-height:20px;--awb-amount:20px;--awb-sep-color:rgba(98,118,140,0.33);border-color:rgba(98,118,140,0.33);border-top-width:10px;\"><\/div><\/div><div class=\"fusion-sep-clear\"><\/div><div class=\"fusion-sep-clear\"><\/div><div class=\"fusion-separator fusion-full-width-sep\" style=\"margin-left: auto;margin-right: auto;margin-top:-11px;margin-bottom:20px;width:100%;\"><div class=\"fusion-separator-border sep-shadow\" style=\"--awb-height:20px;--awb-amount:20px;background:radial-gradient(ellipse at 50% -50% , #e0dede 0px, rgba(255, 255, 255, 0) 80%) repeat scroll 0 0 rgba(0, 0, 0, 0);background:-webkit-radial-gradient(ellipse at 50% -50% , #e0dede 0px, rgba(255, 255, 255, 0) 80%) repeat scroll 0 0 rgba(0, 0, 0, 0);background:-moz-radial-gradient(ellipse at 50% -50% , #e0dede 0px, rgba(255, 255, 255, 0) 80%) repeat scroll 0 0 rgba(0, 0, 0, 0);background:-o-radial-gradient(ellipse at 50% -50% , #e0dede 0px, rgba(255, 255, 255, 0) 80%) repeat scroll 0 0 rgba(0, 0, 0, 0);\"><\/div><\/div><div class=\"fusion-sep-clear\"><\/div><div class=\"fusion-clearfix\"><\/div><\/div><\/div><\/div><\/div><div class=\"fusion-fullwidth fullwidth-box fusion-builder-row-2 nonhundred-percent-fullwidth non-hundred-percent-height-scrolling\" style=\"--awb-border-radius-top-left:0px;--awb-border-radius-top-right:0px;--awb-border-radius-bottom-right:0px;--awb-border-radius-bottom-left:0px;--awb-flex-wrap:wrap;\" ><div class=\"fusion-builder-row fusion-row\"><div class=\"fusion-layout-column fusion_builder_column fusion-builder-column-1 fusion_builder_column_1_2 1_2 fusion-one-half fusion-column-first\" style=\"--awb-bg-size:cover;width:50%;width:calc(50% - ( ( 4% ) * 0.5 ) );margin-right: 4%;\"><div class=\"fusion-column-wrapper fusion-flex-column-wrapper-legacy\"><div class=\"fusion-title title fusion-title-1 fusion-sep-none fusion-title-text fusion-title-size-one\"><h1 class=\"fusion-title-heading title-heading-left\" style=\"margin:0;\">Asesoramiento a profesionales<\/h1><\/div><div class=\"fusion-text fusion-text-1\"><p style=\"font-weight: 400;\">Contamos con personal capacitado para dar respuestas a sus consultas y necesidades, ofreci\u00e9ndole la mejor soluci\u00f3n a los mejores precios.<\/p>\n<p style=\"font-weight: 400;\"><em><br \/>\n<\/em>Ac\u00e9rquese a Herrajes Baldan, o cont\u00e1ctenos telef\u00f3nicamente al tel.\u00a00237 40 53605\/6 o v\u00eda mail a\u00a0<a href=\"mailto:info@hbaldan.com.ar\">info@hbaldan.com.ar<\/a><\/p>\n<\/div><div class=\"fusion-clearfix\"><\/div><\/div><\/div><\/div><\/div><\/p>\n","protected":false},"excerpt":{"rendered":"","protected":false},"author":1,"featured_media":0,"parent":0,"menu_order":0,"comment_status":"closed","ping_status":"closed","template":"100-width.php","meta":{"_acf_changed":false,"_joinchat":[],"footnotes":""},"class_list":["post-59","page","type-page","status-publish","hentry"],"acf":[],"_links":{"self":[{"href":"https:\/\/www.herrajesbaldan.com.ar\/obras_muebles\/wp-json\/wp\/v2\/pages\/59","targetHints":{"allow":["GET"]}}],"collection":[{"href":"https:\/\/www.herrajesbaldan.com.ar\/obras_muebles\/wp-json\/wp\/v2\/pages"}],"about":[{"href":"https:\/\/www.herrajesbaldan.com.ar\/obras_muebles\/wp-json\/wp\/v2\/types\/page"}],"author":[{"embeddable":true,"href":"https:\/\/www.herrajesbaldan.com.ar\/obras_muebles\/wp-json\/wp\/v2\/users\/1"}],"replies":[{"embeddable":true,"href":"https:\/\/www.herrajesbaldan.com.ar\/obras_muebles\/wp-json\/wp\/v2\/comments?post=59"}],"version-history":[{"count":4,"href":"https:\/\/www.herrajesbaldan.com.ar\/obras_muebles\/wp-json\/wp\/v2\/pages\/59\/revisions"}],"predecessor-version":[{"id":35735,"href":"https:\/\/www.herrajesbaldan.com.ar\/obras_muebles\/wp-json\/wp\/v2\/pages\/59\/revisions\/35735"}],"wp:attachment":[{"href":"https:\/\/www.herrajesbaldan.com.ar\/obras_muebles\/wp-json\/wp\/v2\/media?parent=59"}],"curies":[{"name":"wp","href":"https:\/\/api.w.org\/{rel}","templated":true}]}}