{"id":35054,"date":"2020-04-14T16:36:00","date_gmt":"2020-04-14T16:36:00","guid":{"rendered":"https:\/\/herrajesbaldan.com.ar\/?post_type=product&#038;p=35054"},"modified":"2025-03-18T13:18:44","modified_gmt":"2025-03-18T13:18:44","slug":"cerradura-digital-yale-yrd-256","status":"publish","type":"product","link":"https:\/\/www.herrajesbaldan.com.ar\/obras_muebles\/producto\/cerradura-digital-yale-yrd-256\/","title":{"rendered":"CERROJO DIGITAL YALE YRD 256"},"content":{"rendered":"<p><strong>Caracter\u00edsticas T\u00e9cnicas:<\/strong><\/p>\n<p>&#8211; C\u00f3digos \u00fanicos para hasta 25 usuarios (opci\u00f3n de 250 con los m\u00f3dulos ZigBee oZ-wave).<br \/>\n&#8211; Resistente a la intemperie.<br \/>\n&#8211; Cierre autom\u00e1tico.<br \/>\n&#8211; Indicador de bater\u00eda baja y vandalismo.<br \/>\n&#8211; Construcci\u00f3n met\u00e1lica.<br \/>\n&#8211; 4 bater\u00edas AA (incluidas).<br \/>\n&#8211; Grosor puerta: 35 a 57mm.<br \/>\n&#8211; Backset ajustable: 60 a 70mm.<br \/>\n&#8211; Certificado ANSI\/BHMA A156.36, grado 2.<\/p>\n","protected":false},"excerpt":{"rendered":"<p>Caracter\u00edsticas T\u00e9cnicas: &#8211; C\u00f3digos \u00fanicos para hasta 25 usuarios (opci\u00f3n [&hellip;]<\/p>\n","protected":false},"featured_media":35055,"template":"","meta":{"_acf_changed":false,"_joinchat":[]},"product_brand":[],"product_cat":[16],"product_tag":[],"class_list":{"0":"post-35054","1":"product","2":"type-product","3":"status-publish","4":"has-post-thumbnail","6":"product_cat-sin-categoria","8":"first","9":"outofstock","10":"shipping-taxable","11":"purchasable","12":"product-type-simple"},"acf":[],"_links":{"self":[{"href":"https:\/\/www.herrajesbaldan.com.ar\/obras_muebles\/wp-json\/wp\/v2\/product\/35054","targetHints":{"allow":["GET"]}}],"collection":[{"href":"https:\/\/www.herrajesbaldan.com.ar\/obras_muebles\/wp-json\/wp\/v2\/product"}],"about":[{"href":"https:\/\/www.herrajesbaldan.com.ar\/obras_muebles\/wp-json\/wp\/v2\/types\/product"}],"wp:featuredmedia":[{"embeddable":true,"href":"https:\/\/www.herrajesbaldan.com.ar\/obras_muebles\/wp-json\/wp\/v2\/media\/35055"}],"wp:attachment":[{"href":"https:\/\/www.herrajesbaldan.com.ar\/obras_muebles\/wp-json\/wp\/v2\/media?parent=35054"}],"wp:term":[{"taxonomy":"product_brand","embeddable":true,"href":"https:\/\/www.herrajesbaldan.com.ar\/obras_muebles\/wp-json\/wp\/v2\/product_brand?post=35054"},{"taxonomy":"product_cat","embeddable":true,"href":"https:\/\/www.herrajesbaldan.com.ar\/obras_muebles\/wp-json\/wp\/v2\/product_cat?post=35054"},{"taxonomy":"product_tag","embeddable":true,"href":"https:\/\/www.herrajesbaldan.com.ar\/obras_muebles\/wp-json\/wp\/v2\/product_tag?post=35054"}],"curies":[{"name":"wp","href":"https:\/\/api.w.org\/{rel}","templated":true}]}}