{"id":36708,"date":"2020-06-02T12:52:41","date_gmt":"2020-06-02T12:52:41","guid":{"rendered":"https:\/\/www.herrajesbaldan.com.ar\/?post_type=product&#038;p=36708"},"modified":"2023-01-03T13:53:09","modified_gmt":"2023-01-03T13:53:09","slug":"fortex-101-adhesivo-de-contacto","status":"publish","type":"product","link":"https:\/\/www.herrajesbaldan.com.ar\/obras_muebles\/producto\/fortex-101-adhesivo-de-contacto\/","title":{"rendered":"FORTEX 101 ADHESIVO DE CONTACTO"},"content":{"rendered":"<p>Cemento de contacto.<\/p>\n<p>Adhesivo usado ampliamente en gran variedad de sustratos, entre ellos, madera, laminado, cuero, goma, corcho, cable, tela, metal, pl\u00e1stico, cart\u00f3n, etc.<\/p>\n<p>Formulado en base a caucho sint\u00e9tico, resinas y solventes arom\u00e1ticos y alif\u00e1ticos.<\/p>\n<p>Gran resistencia al desgarre, a\u00fan en condiciones de extrema temperatura.<\/p>\n<h4>Aplicaciones y recomendaciones<\/h4>\n<p>Une satisfactoriamente laminados pl\u00e1sticos decorativos con madera aglomerada, especialmente donde se requiere resistencia a las altas temperaturas como ser: muebles porta hornos y mesadas para cocinas, para laboratorios. Se usa tambi\u00e9n para el pegado de baldosas en pisos vin\u00edlicos, revestimiento de laminas de plomo en salas de radiograf\u00edas, c\u00e9sped sint\u00e9tico en \u00e1reas dedicadas al deporte, fijaci\u00f3n de membranas de PVC a base de hormig\u00f3n.<\/p>\n<p>Se aplica en ambas caras a unir, que deben estar previamente limpias y secas, libre de polvo, grasa y ceras desmoldantes. La herramienta a utilizar puede ser pincel o esp\u00e1tula plana. Se debe dejar transcurrir unos 10 minutos antes de unir ambas caras.<\/p>\n<p>Los envases deben permanecer cerrados para que no se alteren sus propiedades.<br \/>\nEn caso de necesitar obtener un producto mas fluido, agregar Asistente D 10, as\u00ed como para limpiar los utensillos usados.<\/p>\n","protected":false},"excerpt":{"rendered":"<p>Cemento de contacto. Adhesivo usado ampliamente en gran variedad de [&hellip;]<\/p>\n","protected":false},"featured_media":38720,"template":"","meta":{"_acf_changed":false,"_joinchat":[]},"product_brand":[],"product_cat":[63,64],"product_tag":[],"class_list":{"0":"post-36708","1":"product","2":"type-product","3":"status-publish","4":"has-post-thumbnail","6":"product_cat-insumos-y-herramientas","7":"product_cat-adhesivos","9":"first","10":"instock","11":"shipping-taxable","12":"purchasable","13":"product-type-variable"},"acf":[],"_links":{"self":[{"href":"https:\/\/www.herrajesbaldan.com.ar\/obras_muebles\/wp-json\/wp\/v2\/product\/36708","targetHints":{"allow":["GET"]}}],"collection":[{"href":"https:\/\/www.herrajesbaldan.com.ar\/obras_muebles\/wp-json\/wp\/v2\/product"}],"about":[{"href":"https:\/\/www.herrajesbaldan.com.ar\/obras_muebles\/wp-json\/wp\/v2\/types\/product"}],"wp:featuredmedia":[{"embeddable":true,"href":"https:\/\/www.herrajesbaldan.com.ar\/obras_muebles\/wp-json\/wp\/v2\/media\/38720"}],"wp:attachment":[{"href":"https:\/\/www.herrajesbaldan.com.ar\/obras_muebles\/wp-json\/wp\/v2\/media?parent=36708"}],"wp:term":[{"taxonomy":"product_brand","embeddable":true,"href":"https:\/\/www.herrajesbaldan.com.ar\/obras_muebles\/wp-json\/wp\/v2\/product_brand?post=36708"},{"taxonomy":"product_cat","embeddable":true,"href":"https:\/\/www.herrajesbaldan.com.ar\/obras_muebles\/wp-json\/wp\/v2\/product_cat?post=36708"},{"taxonomy":"product_tag","embeddable":true,"href":"https:\/\/www.herrajesbaldan.com.ar\/obras_muebles\/wp-json\/wp\/v2\/product_tag?post=36708"}],"curies":[{"name":"wp","href":"https:\/\/api.w.org\/{rel}","templated":true}]}}